{"id":33,"date":"2023-11-08T13:41:23","date_gmt":"2023-11-08T12:41:23","guid":{"rendered":"https:\/\/tjurhane.com\/?page_id=33"},"modified":"2025-05-19T15:52:01","modified_gmt":"2025-05-19T13:52:01","slug":"le-monde-de-tjurhane","status":"publish","type":"page","link":"https:\/\/tjurhane.com\/index.php\/le-monde-de-tjurhane\/","title":{"rendered":"Le Monde de Tjurhane"},"content":{"rendered":"\n<h3 class=\"wp-block-heading\">Carte du Monde d&rsquo;un Univers Enchant\u00e9<\/h3>\n\n\n\n<p>Dans cet univers enchanteur, la \u00ab\u00a0Carte du Monde\u00a0\u00bb est bien plus qu&rsquo;un simple guide g\u00e9ographique. Elle est un pr\u00e9cieux artefact qui d\u00e9voile les myst\u00e8res des terres magiques de Me\u00efva, Eden, L&rsquo;Lille, Stonyan et Tjurhane. Chacune de ces r\u00e9gions a sa propre histoire riche et son propre charme, tiss\u00e9s dans les fibres m\u00eames de l&rsquo;histoire de ce monde.<\/p>\n\n\n\n<div class=\"wp-block-columns is-layout-flex wp-container-core-columns-is-layout-28f84493 wp-block-columns-is-layout-flex\">\n<div class=\"wp-block-column is-layout-flow wp-block-column-is-layout-flow\" style=\"flex-basis:100%\">\n<div class=\"wp-block-cover alignfull has-parallax\" style=\"padding-top:0px;padding-right:0px;padding-bottom:0px;padding-left:0px;min-height:250px;aspect-ratio:unset;\"><div class=\"wp-block-cover__image-background wp-image-729 size-full has-parallax\" style=\"background-position:50% 50%;background-image:url(https:\/\/tjurhane.com\/wp-content\/uploads\/2025\/05\/TjurhaneV2.png)\"><\/div><span aria-hidden=\"true\" class=\"wp-block-cover__background has-bg-primary-background-color has-background-dim-90 has-background-dim\"><\/span><div class=\"wp-block-cover__inner-container is-layout-flow wp-block-cover-is-layout-flow\">\n<div class=\"wp-block-vk-blocks-spacer vk_spacer vk_spacer-type-height vk_block-margin-0--margin-top\"><div class=\"vk_block-margin-lg--height\"><\/div><\/div>\n\n\n\n<hr class=\"wp-block-separator has-text-color has-alpha-channel-opacity has-background is-style-wide vk_block-margin-0--margin-top vk_block-margin-0--margin-bottom\" style=\"background-color:#00000017;color:#00000017\"\/>\n\n\n\n<div class=\"wp-block-columns is-layout-flex wp-container-core-columns-is-layout-28f84493 wp-block-columns-is-layout-flex\">\n<div class=\"wp-block-column is-layout-flow wp-block-column-is-layout-flow\" style=\"flex-basis:66.66%\">\n<figure class=\"wp-block-image size-full\"><img loading=\"lazy\" decoding=\"async\" width=\"2048\" height=\"1153\" src=\"https:\/\/tjurhane.com\/wp-content\/uploads\/2025\/05\/TjurhaneV2.png\" alt=\"\" class=\"wp-image-729\"\/><\/figure>\n\n\n\n<div style=\"height:100px\" aria-hidden=\"true\" class=\"wp-block-spacer is-style-spacer-sm\"><\/div>\n\n\n\n<h5 class=\"wp-block-heading\" id=\"vk-blocks\">Tjurhane<\/h5>\n\n\n\n<div class=\"wp-block-buttons is-layout-flex wp-block-buttons-is-layout-flex\">\n<div class=\"wp-block-button is-style-outline is-style-outline--1\"><a class=\"wp-block-button__link has-small-font-size has-custom-font-size wp-element-button\" href=\"https:\/\/tjurhane.com\/wp-content\/uploads\/2025\/05\/Eden.png\" style=\"padding-top:0.3em;padding-right:1em;padding-bottom:0.3em;padding-left:1em\">Carte de Tjurhane<\/a><\/div>\n<\/div>\n<\/div>\n\n\n\n<div class=\"wp-block-column is-layout-flow wp-block-column-is-layout-flow\">\n<figure class=\"wp-block-image aligncenter size-full is-resized has-custom-border\"><img decoding=\"async\" src=\"https:\/\/tjurhane.com\/wp-content\/uploads\/2025\/05\/Eden.png\" alt=\"\" class=\"has-border-color has-border-normal-border-color wp-image-703\" style=\"border-width:1px;width:424px;height:auto\"\/><\/figure>\n\n\n\n<div style=\"height:100px\" aria-hidden=\"true\" class=\"wp-block-spacer is-style-spacer-sm\"><\/div>\n\n\n\n<h5 class=\"wp-block-heading\" id=\"vk-blocks\">Eden<\/h5>\n\n\n\n<div class=\"wp-block-buttons is-layout-flex wp-block-buttons-is-layout-flex\">\n<div class=\"wp-block-button is-style-outline is-style-outline--2\"><a class=\"wp-block-button__link has-small-font-size has-custom-font-size wp-element-button\" href=\"https:\/\/tjurhane.com\/wp-content\/uploads\/2025\/05\/Eden.png\" style=\"padding-top:0.3em;padding-right:1em;padding-bottom:0.3em;padding-left:1em\">Carte d&rsquo;Eden<\/a><\/div>\n<\/div>\n<\/div>\n<\/div>\n\n\n\n<div style=\"height:100px\" aria-hidden=\"true\" class=\"wp-block-spacer is-style-spacer-lg\"><\/div>\n\n\n\n<div class=\"wp-block-group is-layout-constrained wp-block-group-is-layout-constrained\">\n<div class=\"wp-block-columns has-text-normal-color has-text-color is-layout-flex wp-container-core-columns-is-layout-f0342b05 wp-block-columns-is-layout-flex\" style=\"margin-top:0;margin-bottom:0\">\n<div class=\"wp-block-column is-layout-flow wp-block-column-is-layout-flow\">\n<figure class=\"wp-block-image size-full has-custom-border\"><img loading=\"lazy\" decoding=\"async\" width=\"2048\" height=\"1152\" src=\"https:\/\/tjurhane.com\/wp-content\/uploads\/2025\/05\/Meiva-V1.png\" alt=\"\" class=\"has-border-color has-border-normal-border-color wp-image-723\" style=\"border-width:1px\" srcset=\"https:\/\/tjurhane.com\/wp-content\/uploads\/2025\/05\/Meiva-V1.png 2048w, https:\/\/tjurhane.com\/wp-content\/uploads\/2025\/05\/Meiva-V1-1536x864.png 1536w, https:\/\/tjurhane.com\/wp-content\/uploads\/2025\/05\/Meiva-V1-300x169.png 300w, https:\/\/tjurhane.com\/wp-content\/uploads\/2025\/05\/Meiva-V1-768x432.png 768w, https:\/\/tjurhane.com\/wp-content\/uploads\/2025\/05\/Meiva-V1-1024x576.png 1024w\" sizes=\"auto, (max-width: 2048px) 100vw, 2048px\" \/><\/figure>\n\n\n\n<div style=\"height:100px\" aria-hidden=\"true\" class=\"wp-block-spacer is-style-spacer-sm\"><\/div>\n\n\n\n<h5 class=\"wp-block-heading\" id=\"vk-blocks\">Me\u00efva V1<\/h5>\n\n\n\n<div class=\"wp-block-buttons is-layout-flex wp-block-buttons-is-layout-flex\">\n<div class=\"wp-block-button is-style-outline is-style-outline--3\"><a class=\"wp-block-button__link has-small-font-size has-custom-font-size wp-element-button\" href=\"https:\/\/tjurhane.com\/wp-content\/uploads\/2025\/05\/Meiva-V1.png\" style=\"padding-top:0.3em;padding-right:1em;padding-bottom:0.3em;padding-left:1em\">Carte de Me\u00efva V1<\/a><\/div>\n<\/div>\n<\/div>\n\n\n\n<div class=\"wp-block-column is-layout-flow wp-block-column-is-layout-flow\">\n<figure class=\"wp-block-image size-full has-custom-border\"><img loading=\"lazy\" decoding=\"async\" width=\"2048\" height=\"1152\" src=\"https:\/\/tjurhane.com\/wp-content\/uploads\/2025\/05\/Meiva-V2.png\" alt=\"\" class=\"has-border-color has-border-normal-border-color wp-image-724\" style=\"border-width:1px\" srcset=\"https:\/\/tjurhane.com\/wp-content\/uploads\/2025\/05\/Meiva-V2.png 2048w, https:\/\/tjurhane.com\/wp-content\/uploads\/2025\/05\/Meiva-V2-1536x864.png 1536w, https:\/\/tjurhane.com\/wp-content\/uploads\/2025\/05\/Meiva-V2-300x169.png 300w, https:\/\/tjurhane.com\/wp-content\/uploads\/2025\/05\/Meiva-V2-768x432.png 768w, https:\/\/tjurhane.com\/wp-content\/uploads\/2025\/05\/Meiva-V2-1024x576.png 1024w\" sizes=\"auto, (max-width: 2048px) 100vw, 2048px\" \/><\/figure>\n\n\n\n<div style=\"height:100px\" aria-hidden=\"true\" class=\"wp-block-spacer is-style-spacer-sm\"><\/div>\n\n\n\n<h5 class=\"wp-block-heading\" id=\"vk-blocks\">Me\u00efva V2<\/h5>\n\n\n\n<div class=\"wp-block-buttons is-layout-flex wp-block-buttons-is-layout-flex\">\n<div class=\"wp-block-button is-style-outline is-style-outline--4\"><a class=\"wp-block-button__link has-small-font-size has-custom-font-size wp-element-button\" href=\"https:\/\/tjurhane.com\/wp-content\/uploads\/2025\/05\/Meiva-V2.png\" style=\"padding-top:0.3em;padding-right:1em;padding-bottom:0.3em;padding-left:1em\">Carte de Me\u00efva V2<\/a><\/div>\n<\/div>\n<\/div>\n\n\n\n<div class=\"wp-block-column is-layout-flow wp-block-column-is-layout-flow\">\n<figure class=\"wp-block-image size-full has-custom-border\"><img loading=\"lazy\" decoding=\"async\" width=\"2048\" height=\"1152\" src=\"https:\/\/tjurhane.com\/wp-content\/uploads\/2025\/05\/LLille.png\" alt=\"\" class=\"has-border-color has-border-normal-border-color wp-image-725\" style=\"border-width:1px\"\/><\/figure>\n\n\n\n<div style=\"height:100px\" aria-hidden=\"true\" class=\"wp-block-spacer is-style-spacer-sm\"><\/div>\n\n\n\n<h5 class=\"wp-block-heading\" id=\"vk-blocks\">L&rsquo;Lille<\/h5>\n\n\n\n<div class=\"wp-block-buttons is-layout-flex wp-block-buttons-is-layout-flex\">\n<div class=\"wp-block-button is-style-outline is-style-outline--5\"><a class=\"wp-block-button__link has-small-font-size has-custom-font-size wp-element-button\" href=\"https:\/\/tjurhane.com\/wp-content\/uploads\/2025\/05\/LLille.png\" style=\"padding-top:0.3em;padding-right:1em;padding-bottom:0.3em;padding-left:1em\">Carte de L&rsquo;Lille<\/a><\/div>\n<\/div>\n<\/div>\n\n\n\n<div class=\"wp-block-column is-layout-flow wp-block-column-is-layout-flow\">\n<figure class=\"wp-block-image size-full has-custom-border\"><img loading=\"lazy\" decoding=\"async\" width=\"2048\" height=\"1153\" src=\"https:\/\/tjurhane.com\/wp-content\/uploads\/2025\/05\/Stonyan.png\" alt=\"\" class=\"has-border-color has-border-normal-border-color wp-image-726\" style=\"border-width:1px\"\/><\/figure>\n\n\n\n<div style=\"height:100px\" aria-hidden=\"true\" class=\"wp-block-spacer is-style-spacer-sm\"><\/div>\n\n\n\n<h5 class=\"wp-block-heading\" id=\"vk-blocks\">Stonyan<\/h5>\n\n\n\n<div class=\"wp-block-buttons is-layout-flex wp-block-buttons-is-layout-flex\">\n<div class=\"wp-block-button is-style-outline is-style-outline--6\"><a class=\"wp-block-button__link has-small-font-size has-custom-font-size wp-element-button\" href=\"https:\/\/tjurhane.com\/wp-content\/uploads\/2025\/05\/Stonyan.png\" style=\"padding-top:0.3em;padding-right:1em;padding-bottom:0.3em;padding-left:1em\">Carte de Stonyan<\/a><\/div>\n<\/div>\n<\/div>\n<\/div>\n<\/div>\n\n\n\n<div class=\"wp-block-cover alignfull has-parallax\" style=\"padding-top:0px;padding-right:0px;padding-bottom:0px;padding-left:0px;min-height:250px;aspect-ratio:unset;\"><div class=\"wp-block-cover__image-background wp-image-729 size-full has-parallax\" style=\"background-position:50% 50%;background-image:url(https:\/\/tjurhane.com\/wp-content\/uploads\/2025\/05\/TjurhaneV2.png)\"><\/div><span aria-hidden=\"true\" class=\"wp-block-cover__background has-bg-primary-background-color has-background-dim-90 has-background-dim\"><\/span><div class=\"wp-block-cover__inner-container is-layout-flow wp-block-cover-is-layout-flow\">\n<div style=\"height:100px\" aria-hidden=\"true\" class=\"wp-block-spacer is-style-spacer-lg\"><\/div>\n\n\n\n<div class=\"wp-block-group is-layout-constrained wp-block-group-is-layout-constrained\">\n<div class=\"wp-block-columns has-text-normal-color has-text-color is-layout-flex wp-container-core-columns-is-layout-f0342b05 wp-block-columns-is-layout-flex\" style=\"margin-top:0;margin-bottom:0\">\n<div class=\"wp-block-column is-layout-flow wp-block-column-is-layout-flow\">\n<figure class=\"wp-block-image size-full has-custom-border\"><img decoding=\"async\" src=\"https:\/\/tjurhane.com\/wp-content\/uploads\/2025\/05\/New.png\" alt=\"\" class=\"has-border-color has-border-normal-border-color wp-image-710\" style=\"border-width:1px\"\/><\/figure>\n\n\n\n<div style=\"height:100px\" aria-hidden=\"true\" class=\"wp-block-spacer is-style-spacer-sm\"><\/div>\n\n\n\n<h5 class=\"wp-block-heading\" id=\"vk-blocks\">????<\/h5>\n\n\n\n<div class=\"wp-block-buttons is-layout-flex wp-block-buttons-is-layout-flex\">\n<div class=\"wp-block-button is-style-outline is-style-outline--7\"><a class=\"wp-block-button__link has-small-font-size has-custom-font-size wp-element-button\" style=\"padding-top:0.3em;padding-right:1em;padding-bottom:0.3em;padding-left:1em\">Carte de ????<\/a><\/div>\n<\/div>\n<\/div>\n\n\n\n<div class=\"wp-block-column is-layout-flow wp-block-column-is-layout-flow\">\n<figure class=\"wp-block-image size-full has-custom-border\"><img loading=\"lazy\" decoding=\"async\" width=\"2048\" height=\"1153\" src=\"https:\/\/tjurhane.com\/wp-content\/uploads\/2025\/05\/TjurhaneV2.png\" alt=\"\" class=\"has-border-color has-border-normal-border-color wp-image-729\" style=\"border-width:1px\"\/><\/figure>\n\n\n\n<div style=\"height:100px\" aria-hidden=\"true\" class=\"wp-block-spacer is-style-spacer-sm\"><\/div>\n\n\n\n<h5 class=\"wp-block-heading\" id=\"vk-blocks\">A venir<\/h5>\n\n\n\n<div class=\"wp-block-buttons is-layout-flex wp-block-buttons-is-layout-flex\">\n<div class=\"wp-block-button is-style-outline is-style-outline--8\"><a class=\"wp-block-button__link has-small-font-size has-custom-font-size wp-element-button\" style=\"padding-top:0.3em;padding-right:1em;padding-bottom:0.3em;padding-left:1em\">Carte \u00e0 venir<\/a><\/div>\n<\/div>\n<\/div>\n\n\n\n<div class=\"wp-block-column is-layout-flow wp-block-column-is-layout-flow\">\n<figure class=\"wp-block-image size-full has-custom-border\"><img loading=\"lazy\" decoding=\"async\" width=\"2048\" height=\"1153\" src=\"https:\/\/tjurhane.com\/wp-content\/uploads\/2025\/05\/TjurhaneV2.png\" alt=\"\" class=\"has-border-color has-border-normal-border-color wp-image-729\" style=\"border-width:1px\"\/><\/figure>\n\n\n\n<div style=\"height:100px\" aria-hidden=\"true\" class=\"wp-block-spacer is-style-spacer-sm\"><\/div>\n\n\n\n<h5 class=\"wp-block-heading\" id=\"vk-blocks\">A venir<\/h5>\n\n\n\n<div class=\"wp-block-buttons is-layout-flex wp-block-buttons-is-layout-flex\">\n<div class=\"wp-block-button is-style-outline is-style-outline--9\"><a class=\"wp-block-button__link has-small-font-size has-custom-font-size wp-element-button\" style=\"padding-top:0.3em;padding-right:1em;padding-bottom:0.3em;padding-left:1em\">Carte \u00e0 venir<\/a><\/div>\n<\/div>\n<\/div>\n\n\n\n<div class=\"wp-block-column is-layout-flow wp-block-column-is-layout-flow\">\n<figure class=\"wp-block-image size-full has-custom-border\"><img loading=\"lazy\" decoding=\"async\" width=\"2048\" height=\"1153\" src=\"https:\/\/tjurhane.com\/wp-content\/uploads\/2025\/05\/TjurhaneV2.png\" alt=\"\" class=\"has-border-color has-border-normal-border-color wp-image-729\" style=\"border-width:1px\"\/><\/figure>\n\n\n\n<div style=\"height:100px\" aria-hidden=\"true\" class=\"wp-block-spacer is-style-spacer-sm\"><\/div>\n\n\n\n<h5 class=\"wp-block-heading\" id=\"vk-blocks\">A venir<\/h5>\n\n\n\n<div class=\"wp-block-buttons is-layout-flex wp-block-buttons-is-layout-flex\">\n<div class=\"wp-block-button is-style-outline is-style-outline--10\"><a class=\"wp-block-button__link has-small-font-size has-custom-font-size wp-element-button\" href=\"\" style=\"padding-top:0.3em;padding-right:1em;padding-bottom:0.3em;padding-left:1em\">Carte \u00e0 venir<\/a><\/div>\n<\/div>\n<\/div>\n<\/div>\n<\/div>\n\n\n\n<div style=\"height:50px\" aria-hidden=\"true\" class=\"wp-block-spacer is-style-spacer-lg\"><\/div>\n\n\n\n<hr class=\"wp-block-separator has-text-color has-border-normal-color has-alpha-channel-opacity has-border-normal-background-color has-background is-style-wide\"\/>\n<\/div><\/div>\n\n\n\n<hr class=\"wp-block-separator has-text-color has-border-normal-color has-alpha-channel-opacity has-border-normal-background-color has-background is-style-wide\"\/>\n<\/div><\/div>\n<\/div>\n<\/div>\n","protected":false},"excerpt":{"rendered":"<p>Carte du Monde d&rsquo;un Univers Enchant\u00e9 Dans cet univers enchanteur, la \u00ab\u00a0Carte du Monde\u00a0\u00bb est bien plus qu&rsquo;un simple guide g\u00e9ographique. Elle est un pr\u00e9cieux artefact qui d\u00e9voile les myst\u00e8res des terres magiques de Me\u00efva, Eden, L&rsquo;Lille, Stonyan et Tjurhane. Chacune de ces r\u00e9gions a sa propre histoire riche et son propre charme, tiss\u00e9s dans [&hellip;]<\/p>\n","protected":false},"author":1,"featured_media":0,"parent":0,"menu_order":0,"comment_status":"closed","ping_status":"closed","template":"","meta":{"sns_share_botton_hide":"","vkExUnit_sns_title":"","_vk_print_noindex":"","sitemap_hide":"","vkExUnit_sitemap":"","_veu_custom_css":"","veu_display_promotion_alert":"common","_exclude_from_list_pages":"","vkexunit_cta_each_option":"","vkExUnit_childPageIndex":"","vkExUnit_pageList_ancestor":"","footnotes":""},"class_list":["post-33","page","type-page","status-publish","hentry"],"veu_head_title_object":{"title":"","add_site_title":""},"_links":{"self":[{"href":"https:\/\/tjurhane.com\/index.php\/wp-json\/wp\/v2\/pages\/33","targetHints":{"allow":["GET"]}}],"collection":[{"href":"https:\/\/tjurhane.com\/index.php\/wp-json\/wp\/v2\/pages"}],"about":[{"href":"https:\/\/tjurhane.com\/index.php\/wp-json\/wp\/v2\/types\/page"}],"author":[{"embeddable":true,"href":"https:\/\/tjurhane.com\/index.php\/wp-json\/wp\/v2\/users\/1"}],"replies":[{"embeddable":true,"href":"https:\/\/tjurhane.com\/index.php\/wp-json\/wp\/v2\/comments?post=33"}],"version-history":[{"count":5,"href":"https:\/\/tjurhane.com\/index.php\/wp-json\/wp\/v2\/pages\/33\/revisions"}],"predecessor-version":[{"id":735,"href":"https:\/\/tjurhane.com\/index.php\/wp-json\/wp\/v2\/pages\/33\/revisions\/735"}],"wp:attachment":[{"href":"https:\/\/tjurhane.com\/index.php\/wp-json\/wp\/v2\/media?parent=33"}],"curies":[{"name":"wp","href":"https:\/\/api.w.org\/{rel}","templated":true}]}}