{"id":411,"date":"2023-12-27T22:52:40","date_gmt":"2023-12-27T21:52:40","guid":{"rendered":"https:\/\/tjurhane.com\/?page_id=411"},"modified":"2023-12-29T12:16:22","modified_gmt":"2023-12-29T11:16:22","slug":"sirene-et-triton","status":"publish","type":"page","link":"https:\/\/tjurhane.com\/index.php\/sirene-et-triton\/","title":{"rendered":"Sire\u0300ne et Triton"},"content":{"rendered":"\n<p>Origine&nbsp;: Mers de Me\u00efva<br>Divinit\u00e9 v\u00e9n\u00e9r\u00e9&nbsp;: Aryaamo&nbsp;D\u00e9mon de la D\u00e9bauche, de la luxure et la paresse et Ilyria D\u00e9esse de la Beaut\u00e9 et de l\u2019amour<\/p>\n\n\n\n<p>Don\u00a0:<\/p>\n\n\n\n<ol class=\"wp-block-list\">\n<li><strong>Chant Envo\u00fbtant :<\/strong> Un chant hypnotique et m\u00e9lodieux, capable d&rsquo;ensorceler les marins et d&rsquo;attirer les navires vers leur perte, ou de les charmer pour d&rsquo;autres desseins.<\/li>\n\n\n\n<li><strong>Transformation Aquatique :<\/strong> La capacit\u00e9 \u00e0 transformer leur queue de poisson en jambes lorsqu&rsquo;elles sont sur terre, leur permettant de se d\u00e9placer entre les mondes aquatique et terrestre.<\/li>\n\n\n\n<li><strong>Agilit\u00e9 Sous-Marine :<\/strong> Une aisance et une agilit\u00e9 exceptionnelles dans l&rsquo;eau, leur permettant de nager rapidement et avec gr\u00e2ce.<\/li>\n\n\n\n<li><strong>Perception Marine :<\/strong> Une sensibilit\u00e9 aigu\u00eb \u00e0 l&rsquo;environnement marin, leur donnant la capacit\u00e9 de d\u00e9tecter les courants, les changements de temp\u00e9rature et les mouvements sous l&rsquo;eau.<\/li>\n\n\n\n<li><strong>Beaut\u00e9 Hypnotique :<\/strong> Une apparence d&rsquo;une beaut\u00e9 surnaturelle qui peut fasciner ou distraire ceux qui les regardent.<\/li>\n\n\n\n<li><strong>Communication Aquatique :<\/strong> La capacit\u00e9 de communiquer efficacement sous l&rsquo;eau, utilisant peut-\u00eatre des sons, des gestes ou d&rsquo;autres formes de communication marine.<\/li>\n\n\n\n<li><strong>Connaissance des Courants Marins :<\/strong> Une compr\u00e9hension intuitive des courants marins, utile pour naviguer et chasser dans l&rsquo;oc\u00e9an.<\/li>\n\n\n\n<li><strong>R\u00e9sistance \u00e0 la Pression et au Froid :<\/strong> Une r\u00e9sistance naturelle aux hautes pressions des profondeurs marines et aux temp\u00e9ratures froides de l&rsquo;oc\u00e9an.<\/li>\n\n\n\n<li><strong>Pouvoirs de Gu\u00e9rison :<\/strong> Certains Sir\u00e8nes et Tritons peuvent poss\u00e9der des capacit\u00e9s de gu\u00e9rison, utilisant l&rsquo;eau et d&rsquo;autres aspects de leur environnement pour soigner les blessures ou les maladies.<\/li>\n\n\n\n<li><strong>D\u00e9fense Naturelle :<\/strong> Les griffes qu&rsquo;ils poss\u00e8dent au lieu de mains leur fournissent une m\u00e9thode de d\u00e9fense naturelle contre les pr\u00e9dateurs ou les menaces.<\/li>\n<\/ol>\n\n\n\n<figure class=\"wp-block-gallery has-nested-images columns-default is-cropped wp-block-gallery-1 is-layout-flex wp-block-gallery-is-layout-flex\">\n<figure class=\"wp-block-image size-large\"><img loading=\"lazy\" decoding=\"async\" width=\"585\" height=\"1024\" data-id=\"412\" src=\"https:\/\/tjurhane.com\/wp-content\/uploads\/2023\/12\/Sirene-585x1024.png\" alt=\"\" class=\"wp-image-412\" srcset=\"https:\/\/tjurhane.com\/wp-content\/uploads\/2023\/12\/Sirene-585x1024.png 585w, https:\/\/tjurhane.com\/wp-content\/uploads\/2023\/12\/Sirene-878x1536.png 878w, https:\/\/tjurhane.com\/wp-content\/uploads\/2023\/12\/Sirene-171x300.png 171w, https:\/\/tjurhane.com\/wp-content\/uploads\/2023\/12\/Sirene-768x1344.png 768w, https:\/\/tjurhane.com\/wp-content\/uploads\/2023\/12\/Sirene.png 1024w\" sizes=\"auto, (max-width: 585px) 100vw, 585px\" \/><\/figure>\n\n\n\n<figure class=\"wp-block-image size-large\"><img loading=\"lazy\" decoding=\"async\" width=\"585\" height=\"1024\" data-id=\"413\" src=\"https:\/\/tjurhane.com\/wp-content\/uploads\/2023\/12\/Triton-585x1024.png\" alt=\"\" class=\"wp-image-413\" srcset=\"https:\/\/tjurhane.com\/wp-content\/uploads\/2023\/12\/Triton-585x1024.png 585w, https:\/\/tjurhane.com\/wp-content\/uploads\/2023\/12\/Triton-878x1536.png 878w, https:\/\/tjurhane.com\/wp-content\/uploads\/2023\/12\/Triton-171x300.png 171w, https:\/\/tjurhane.com\/wp-content\/uploads\/2023\/12\/Triton-768x1344.png 768w, https:\/\/tjurhane.com\/wp-content\/uploads\/2023\/12\/Triton.png 1024w\" sizes=\"auto, (max-width: 585px) 100vw, 585px\" \/><\/figure>\n<\/figure>\n\n\n\n<p>Les Sir\u00e8nes de Tjurhane, cr\u00e9atures marines de l\u00e9gende, sont connues pour leur beaut\u00e9 envo\u00fbtante et leur chant myst\u00e9rieux. Elles habitent les littoraux rocailleux de Me\u00efva, o\u00f9 elles m\u00ealent la gr\u00e2ce et le danger, capturant l&rsquo;imagination des marins et des conteurs depuis des temps imm\u00e9moriaux.<\/p>\n\n\n\n<p>Le buste des Sir\u00e8nes, mi-femme, mi-Elfe, est d&rsquo;une beaut\u00e9 surnaturelle, fusionnant les traits les plus d\u00e9licats et envo\u00fbtants de ces deux races. Leur queue de poisson, \u00e9l\u00e9gante et puissante, leur conf\u00e8re une aisance et une agilit\u00e9 remarquables dans l&rsquo;eau. \u00c0 la place des mains, elles ont des griffes, ajoutant un \u00e9l\u00e9ment sauvage et dangereux \u00e0 leur apparence s\u00e9duisante.<\/p>\n\n\n\n<p>Le chant des Sir\u00e8nes est peut-\u00eatre leur caract\u00e9ristique la plus c\u00e9l\u00e8bre et la plus redout\u00e9e. Doux, m\u00e9lodieux et irr\u00e9sistiblement attirant, il a le pouvoir d&rsquo;hypnotiser les marins et de les conduire \u00e0 leur perte, les attirant vers les rochers tra\u00eetres ou les noyant dans les profondeurs. Ces chants sont souvent entour\u00e9s de r\u00e9cits de marins ensorcel\u00e9s et de navires \u00e9chou\u00e9s, bien que beaucoup de ces histoires soient probablement amplifi\u00e9es ou romanc\u00e9es dans les tavernes portuaires.<\/p>\n\n\n\n<p>Lorsqu&rsquo;elles se trouvent sur terre, les Sir\u00e8nes subissent une transformation \u00e9tonnante : leur queue de poisson se divise pour donner naissance \u00e0 des jambes, leur permettant de se d\u00e9placer sur la terre ferme. Cependant, leur peau conserve un aspect \u00e9cailleux, rappelant leur v\u00e9ritable nature aquatique.<\/p>\n\n\n\n<p>Dans l&rsquo;univers de Tjurhane, les Sir\u00e8nes symbolisent la fascination et la crainte de l&rsquo;inconnu, incarnant \u00e0 la fois la beaut\u00e9 enchanteresse et les dangers cach\u00e9s des mers. Leur existence sur les c\u00f4tes rocailleuses de Me\u00efva ajoute une dimension de myst\u00e8re et de magie, rappelant que les eaux de ce monde abritent des secrets et des cr\u00e9atures au-del\u00e0 de l&rsquo;entendement humain ou elfique.<\/p>\n","protected":false},"excerpt":{"rendered":"<p>Origine&nbsp;: Mers de Me\u00efvaDivinit\u00e9 v\u00e9n\u00e9r\u00e9&nbsp;: Aryaamo&nbsp;D\u00e9mon de la D\u00e9bauche, de la luxure et la paresse et Ilyria D\u00e9esse de la Beaut\u00e9 et de l\u2019amour Don\u00a0: Les Sir\u00e8nes de Tjurhane, cr\u00e9atures marines de l\u00e9gende, sont connues pour leur beaut\u00e9 envo\u00fbtante et leur chant myst\u00e9rieux. Elles habitent les littoraux rocailleux de Me\u00efva, o\u00f9 elles m\u00ealent la gr\u00e2ce [&hellip;]<\/p>\n","protected":false},"author":1,"featured_media":0,"parent":0,"menu_order":0,"comment_status":"closed","ping_status":"closed","template":"","meta":{"sns_share_botton_hide":"","vkExUnit_sns_title":"","_vk_print_noindex":"","sitemap_hide":"","vkExUnit_sitemap":"","_veu_custom_css":"","veu_display_promotion_alert":"common","_exclude_from_list_pages":"","vkexunit_cta_each_option":"","vkExUnit_childPageIndex":"","vkExUnit_pageList_ancestor":"","footnotes":""},"class_list":["post-411","page","type-page","status-publish","hentry"],"veu_head_title_object":{"title":"","add_site_title":""},"_links":{"self":[{"href":"https:\/\/tjurhane.com\/index.php\/wp-json\/wp\/v2\/pages\/411","targetHints":{"allow":["GET"]}}],"collection":[{"href":"https:\/\/tjurhane.com\/index.php\/wp-json\/wp\/v2\/pages"}],"about":[{"href":"https:\/\/tjurhane.com\/index.php\/wp-json\/wp\/v2\/types\/page"}],"author":[{"embeddable":true,"href":"https:\/\/tjurhane.com\/index.php\/wp-json\/wp\/v2\/users\/1"}],"replies":[{"embeddable":true,"href":"https:\/\/tjurhane.com\/index.php\/wp-json\/wp\/v2\/comments?post=411"}],"version-history":[{"count":2,"href":"https:\/\/tjurhane.com\/index.php\/wp-json\/wp\/v2\/pages\/411\/revisions"}],"predecessor-version":[{"id":597,"href":"https:\/\/tjurhane.com\/index.php\/wp-json\/wp\/v2\/pages\/411\/revisions\/597"}],"wp:attachment":[{"href":"https:\/\/tjurhane.com\/index.php\/wp-json\/wp\/v2\/media?parent=411"}],"curies":[{"name":"wp","href":"https:\/\/api.w.org\/{rel}","templated":true}]}}